21b9a - -3?
-21b97
In base 16, what is -203 - 37f?
-582
In base 3, what is -1210 - -102021210?
102020000
In base 5, what is -24044 - 4340?
-33434
In base 15, what is 1 + 6b8d?
6b8e
In base 4, what is -10233 - 1310?
-12203
In base 3, what is 1111 + -102000?
-100112
In base 12, what is -5 - 5a861?
-5a866
In base 8, what is -2270361 - 3?
-2270364
In base 12, what is 9 - -317?
324
In base 16, what is 1 - -1d38d?
1d38e
In base 15, what is 0 - -6c12?
6c12
In base 10, what is -7 + -307050?
-307057
In base 13, what is 5810a + -8?
58102
In base 14, what is -7b - -18d5?
1858
In base 3, what is 1221200122 + 12?
1221200211
In base 2, what is -1001110110101101011 - 1?
-1001110110101101100
In base 8, what is -2372 + -14?
-2406
In base 10, what is -8766 - -4?
-8762
In base 3, what is 0 + -120002222?
-120002222
In base 15, what is 417c + 86?
4213
In base 12, what is -2 + 142137?
142135
In base 11, what is -88157 - 11?
-88168
In base 2, what is -101 + -110000010010000?
-110000010010101
In base 14, what is 4 - 47c7?
-47c3
In base 16, what is 43 + -7a6?
-763
In base 4, what is 10012 + 112?
10130
In base 12, what is 127b - 138?
1143
In base 6, what is -1 + -51054?
-51055
In base 12, what is -808 + 4b?
-779
In base 7, what is -13 - -65224?
65211
In base 3, what is -10211210 + -102122?
-11021102
In base 8, what is 6736 + 4?
6742
In base 12, what is -7a66 + -5?
-7a6b
In base 15, what is -71c2 + 146?
-707b
In base 5, what is -22443 - -2310?
-20133
In base 16, what is 5 - -98c13?
98c18
In base 8, what is -4 + -74336?
-74342
In base 9, what is 166588 + 15?
166614
In base 7, what is -306 + 2512?
2203
In base 11, what is -27a - -4a6?
227
In base 16, what is d7e - -2?
d80
In base 12, what is -34 + a30?
9b8
In base 11, what is -145760 + -4?
-145764
In base 13, what is -572 - -378?
-1c7
In base 10, what is -20 - 1039?
-1059
In base 15, what is -4 - 5a67?
-5a6b
In base 6, what is 530520 + 1?
530521
In base 5, what is -213 + 434?
221
In base 2, what is 0 + -100101110110011110111?
-100101110110011110111
In base 9, what is -36208 - 18?
-36227
In base 7, what is 20 - -60456?
60506
In base 13, what is -1c + 2b3b6?
2b397
In base 9, what is -27 - -401?
363
In base 14, what is -4 + 1b?
17
In base 15, what is 24dd - 6?
24d7
In base 7, what is -344 + -505?
-1152
In base 13, what is -4a74 + 73?
-4a01
In base 2, what is 11101010110110101111 + 100?
11101010110110110011
In base 12, what is b2213 - 3?
b2210
In base 5, what is 4 + 10440024?
10440033
In base 2, what is -1000111001 - -110110?
-1000000011
In base 3, what is 1 - 111211210010?
-111211210002
In base 12, what is 4 - -78154?
78158
In base 7, what is 1 - 3231222?
-3231221
In base 9, what is 38085 - -5?
38101
In base 9, what is 3 - 47880?
-47876
In base 7, what is 636 - 405?
231
In base 7, what is -53652012 + 3?
-53652006
In base 9, what is -2401 + -348?
-2750
In base 12, what is -1 - -1709?
1708
In base 5, what is 422104 + -104?
422000
In base 8, what is 34063 + 7?
34072
In base 13, what is 6aa + 3c8?
aa5
In base 7, what is 40 + 44425?
44465
In base 2, what is -1000 - 100010010010010?
-100010010011010
In base 9, what is 3 - -2278676?
2278680
In base 2, what is 111100011 + 100000?
1000000011
In base 3, what is 201 - -121111?
122012
In base 12, what is -211172 + -3?
-211175
In base 13, what is ac - a2?
a
In base 16, what is 26 + b5?
db
In base 14, what is 4 - 794c?
-7948
In base 5, what is 13222032 + -4?
13222023
In base 16, what is -3 - af1d?
-af20
In base 10, what is 0 + -58376?
-58376
In base 15, what is -bc3 + -384?
-1057
In base 5, what is -141 - -11120?
10424
In base 6, what is 3 + -35221?
-35214
In base 3, what is 21011 - -11101100?
11122111
In base 6, what is 12 + -35203?
-35151
In base 10, what is 1404 - -3993?
5397
In base 3, what is 12 - 1201000?
-1200211
In base 12, what is -54 + 1016?
b82
In base 13, what is -4 - 1a3c3?
-1a3c7
In base 4, what is 3 + -3232031?
-3232022
In base 7, what is -50 + -202403?
-202453
In base 4, what is -1102 - -10131?
3023
In base 5, what is -3332014 + 1?
-3332013
In base 9, what is 1 + 134523?
134524
In base 7, what is -12 + 6533?
6521
In base 5, what is -112132 - 11343?
-124030
In base 2, what is 1010001110001101 + -101?
1010001110001000
In base 13, what is 3779 + a?
3786
In base 8, what is 306 + -4441?
-4133
In base 6, what is 114441 - -1?
114442
In base 7, what is 2 - 245541?
-245536
In base 15, what is -2b1d49 - -2?
-2b1d47
In base 6, what is 352431 - 5?
352422
In base 7, what is -450 - 11?
-461
In base 5, what is -13 + -101323231?
-101323244
In base 6, what is 11332150 + 4?
11332154
In base 12, what is -1017 - 29?
-1044
In base 16, what is 4 + 125d9?
125dd
In base 2, what is -1100010001 - 11?
-1100010100
In base 16, what is 5 - -58c22?
58c27
In base 9, what is -284 + -204?
-488
In base 16, what is 8818e + -3?
8818b
In base 15, what is be3e - -1?
be40
In base 12, what is -489107 - 0?
-489107
In base 4, what is -220 + 1201313?
1201033
In base 12, what is -27771 - -5?
-27768
In base 8, what is -23073 - -2?
-23071
In base 13, what is -a08 + -2c0?
-cc8
In base 6, what is -14404511 - 0?
-14404511
In base 10, what is 53351 + -4?
53347
In base 11, what is 897a - 6?
8974
In base 14, what is 29ad + 16b?
2b3a
In base 4, what is 1 - 2000132?
-2000131
In base 12, what is -1498879 + -4?
-1498881
In base 7, what is 423 - -12426?
13152
In base 13, what is -7 - -3c3a6?
3c39c
In base 10, what is -4 - -64205?
64201
In base 14, what is 21 - -26?
47
In base 2, what is 1011 - -1101101011110010?
1101101011111101
In base 3, what is -22 + 2002122220?
2002122121
In base 11, what is -465220 + -4?
-465224
In base 12, what is -23 + -208?
-22b
In base 4, what is 13121332 + 10?
13122002
In base 16, what is 1 + -1777b?
-1777a
In base 6, what is 504 + -3504?
-3000
In base 16, what is 1f9c9 - -3?
1f9cc
In base 14, what is -251d - 12?
-2531
In base 11, what is 12 + -421452?
-421440
In base 7, what is -132 + 2432?
2300
In base 7, what is -3 - -1061245?
1061242
In base 7, what is 0 + -1051?
-1051
In base 10, what is 8484983 - -4?
8484987
In base 12, what is -19 + -92b?
-948
In base 15, what is 108e + -9?
1085
In base 9, what is 3 - 6800?
-6786
In base 13, what is -1748 - -465?
-12b3
In base 9, what is -57465 + -68?
-57544
In base 3, what is 10221211 - -110211?
11102122
In base 8, what is -12 - -727?
715
In base 5, what is -444314 + 124?
-444140
In base 11, what is -7154 - -18?
-7137
In base 11, what is -29 + 15769?
15740
In base 2, what is -100110110000 + 10100?
-100110011100
In base 8, what is -11 + -115045?
-115056
In base 9, what is 17607 + 2?
17610
In base 4, what is -20310002 + 10?
-20303332
In base 2, what is -101 + -100010100010001100000?
-100010100010001100101
In base 16, what is 8 - -adc?
ae4
In base 9, what is -1 + -64415?
-64416
In base 3, what is 10 - -111200001002?
111200001012
In base 5, what is 1 + 10104020?
10104021
In base 3, what is -1000 - 11210000?
-11211000
In base 8, what is 23 - -103?
126
In base 14, what is -10503 - 0?
-10503
In base 12, what is 729b9 - -4?
72a01
In base 11, what is -16079 + 10?
-16069
In base 15, what is -4e + 62?
13
In base 14, what is 5 + 14bb?
14c2
In base 6, what is 5 + 5140454?
5140503
In base 12, what is -16 + -577aa?
-57804
In base 3, what is -10 + 120012212120?
120012212110
In base 3, what is 1220211 - 102212?
1110222
In base 3, what is 2101210 - -1001?
2102211
In base 4, what is 131110231 + 2?
131110233
In base 14, what is -13 - c59?
-c6c
In base 10, what is -5 - -3907?
3902
In base 2, what is -100110101100111111010 + 101?
-100110101100111110101
In base 14, what is -1a - -48ab?
4891
In base 14, what is 7 + -a4b1?
-a4a8
In base 6, what is -5241 - 33?
-5314
In base 5, what is 10103123 + -102?
10103021
In base 12, what is -20 + 60b?
5ab
In base 4, what is -32012 - -1123?
-30223
In base 5, what is -1204 - -1133?
-21
In base 8, what is 4355 - 234?
4121
In base 4, what is -2011012 + 203?
-2010203
In base 12, what is -3369 + -b6?
-3463
In base 4, what is 1 + -20033?
-20032
In base 14, what is 4 + a363?
a367
In base 3, what is 1021 + 22210010?
22211101
In base 2, what is -1001111001011100 - 10110?
-1001111001110010
In base 16, what is -5e - 334?
-392
In base 11, what is -72a151 - 0?
-72a151
In base 10, what is -94 - -26527?
26433
In base 10, what is -208466 + -21?
-208487
In base